In base 6, what is 4344 - -10240054?
10244442
In base 6, what is 3 - -2421504353?
2421504400
In base 6, what is -3001444331 - 134?
-3001444505
In base 8, what is -3 + -504464174?
-504464177
In base 14, what is -47 + 58514?
584ab
In base 10, what is -34 - -5903148?
5903114
In base 15, what is -9144 - -1608?
-7a3b
In base 14, what is -6863520 + -4?
-6863524
In base 9, what is 4734 + -1582?
3142
In base 2, what is -111100000011110110000000011 + -101?
-111100000011110110000001000
In base 4, what is 11130310 + -31?
11130213
In base 9, what is 182 - -567380?
567572
In base 5, what is -2 + -1341341101?
-1341341103
In base 3, what is 2 - -12000012122000?
12000012122002
In base 6, what is 301132550415 + -3?
301132550412
In base 8, what is -32547320 - -11?
-32547307
In base 14, what is 673a61 - -3?
673a64
In base 7, what is 425405 - -2305?
431013
In base 11, what is 8170 + 16682?
23842
In base 8, what is 4 + -16323535?
-16323531
In base 12, what is -315 + -225?
-53a
In base 15, what is 2d2ab92 - 0?
2d2ab92
In base 9, what is -58548 - -72?
-58466
In base 9, what is -563714 + 16?
-563687
In base 16, what is -f + 46792?
46783
In base 12, what is 634899 - 112?
634787
In base 9, what is 1488326664 + 1?
1488326665
In base 15, what is -1 - -25c7165?
25c7164
In base 16, what is -16bc + -574?
-1c30
In base 5, what is -2320432010 - -1?
-2320432004
In base 14, what is -1db9dd3 + 1?
-1db9dd2
In base 2, what is -10001 + -10110011111000000?
-10110011111010001
In base 16, what is 7de41 + 15?
7de56
In base 4, what is 2 + -3223022333201?
-3223022333133
In base 4, what is 11333 + 322222?
1000221
In base 12, what is 22a0 + 34699?
36979
In base 9, what is -507 + 35487?
34880
In base 13, what is -3 - 1911c0?
-1911c3
In base 3, what is 22120 - -2122022120?
2122122010
In base 10, what is -296709386 + 3?
-296709383
In base 15, what is 5878 + 11a3?
6a2b
In base 5, what is 2134 - 1123342014?
-1123334330
In base 3, what is 11222111021221 + 11?
11222111022002
In base 4, what is 21320022030 - 10?
21320022020
In base 5, what is 2342 + 343403?
401300
In base 4, what is -1230 + 11231003?
11223113
In base 12, what is -18788 + -2206?
-1a992
In base 5, what is -33042 + -141412?
-230004
In base 8, what is 20732 - -1200?
22132
In base 6, what is 10321532 - 103?
10321425
In base 10, what is -7584736 - 2?
-7584738
In base 8, what is -5230305 + -1551?
-5232056
In base 5, what is 2303431 - -12330?
2321311
In base 9, what is -2043117 + -26?
-2043144
In base 11, what is 64 - a0775?
-a0711
In base 15, what is 150 - -a866?
a9b6
In base 2, what is 11 - 110011111000100000011101111?
-110011111000100000011101100
In base 5, what is -23 - 44133440104?
-44133440132
In base 7, what is -246526 - 2302?
-252131
In base 13, what is 6 + -5138460?
-5138457
In base 4, what is -10 + -122103110100232?
-122103110100302
In base 3, what is -10211020 + 2222110?
-211210
In base 13, what is -4 - 720407?
-72040b
In base 13, what is 650500a + a?
6505017
In base 4, what is -3033312 + 302101?
-2131211
In base 11, what is -3 + -2018374?
-2018377
In base 15, what is 16 - -2cc76?
2cc8c
In base 9, what is -25 + 138104?
138068
In base 15, what is ac9 - -3989?
4563
In base 11, what is 219 - -198a34?
199152
In base 15, what is -36e30e41 - -2?
-36e30e3e
In base 11, what is 1 + -383909?
-383908
In base 10, what is -1051429 + -8?
-1051437
In base 13, what is 33c5480 + -12?
33c546b
In base 2, what is 111001111000011011011 - -11010?
111001111000011110101
In base 11, what is -404 - 59309?
-59712
In base 11, what is 3 - 2040702?
-20406aa
In base 7, what is 10243403 + 6?
10243412
In base 7, what is 1015 + -51600?
-50552
In base 6, what is 130 + 430113521?
430114051
In base 10, what is -2094 + -1797?
-3891
In base 15, what is -962139 - 6?
-962140
In base 12, what is 83578 + -a2?
83496
In base 16, what is -3 + 98ed81?
98ed7e
In base 8, what is -1526116744 - -3?
-1526116741
In base 16, what is 10513c - 6?
105136
In base 13, what is -87 - 6865?
-691c
In base 14, what is 5 - cc6c289?
-cc6c284
In base 9, what is 1 + 328110233?
328110234
In base 7, what is 243354306 + -1?
243354305
In base 13, what is 4a4b2 - -101?
4a5b3
In base 4, what is 11 + 30301112320?
30301112331
In base 3, what is 1221011212 + -2122?
1221002020
In base 11, what is 2a5170 - -5?
2a5175
In base 8, what is 12674156 + -4?
12674152
In base 14, what is -1b - -79210?
791d3
In base 16, what is 8 + -376948?
-376940
In base 2, what is 0 - 1011011100011011110010?
-1011011100011011110010
In base 8, what is -211 - 262137?
-262350
In base 5, what is 2244141 + -2331?
2241310
In base 11, what is 3 + 9467368?
9467370
In base 2, what is -110010010000111000111110000 - -11?
-110010010000111000111101101
In base 11, what is 23511385 + -4?
23511381
In base 11, what is 4a1190605 + -4?
4a1190601
In base 2, what is -1 + 10011101010111110001010000?
10011101010111110001001111
In base 2, what is -101010 - -1111001100110101?
1111001100001011
In base 15, what is 3a74097 + -b?
3a7408b
In base 14, what is 45225 - -47d?
456a4
In base 12, what is -234b + -b91?
-3320
In base 6, what is 10515 - 55420?
-44501
In base 8, what is -1253377 + 0?
-1253377
In base 10, what is 178733 + -18?
178715
In base 16, what is 106bc3f - -2?
106bc41
In base 10, what is 39646 - 860?
38786
In base 7, what is -13205601 - -6?
-13205562
In base 15, what is 72de - 86?
7258
In base 13, what is 36 + 34cc54?
34cc8a
In base 14, what is -3 + 1da08aa?
1da08a7
In base 12, what is 23382 - 646?
22938
In base 12, what is 4 + -2b40a0?
-2b4098
In base 13, what is 72bc67 - -3?
72bc6a
In base 10, what is -7145 - -19012?
11867
In base 4, what is 1220 + -1013323213?
-1013321333
In base 14, what is -57 - 6a4ab?
-6a524
In base 16, what is -225faae - 1?
-225faaf
In base 12, what is 11516 + -68?
1146a
In base 3, what is -10010202 - -2000202?
-1010000
In base 9, what is -236407867 - -5?
-236407862
In base 6, what is -5 + 4312114330?
4312114321
In base 11, what is 1318 + -981?
447
In base 13, what is 3737a10 - -1?
3737a11
In base 4, what is -332303 + -1211?
-1000120
In base 6, what is 10102312 - 104?
10102204
In base 9, what is 5556454 - -21?
5556475
In base 2, what is -101110010111111100110 - 10?
-101110010111111101000
In base 15, what is 1b4cc2e - -6?
1b4cc35
In base 11, what is 272 + 135849?
136010
In base 9, what is 5 - -3310500?
3310505
In base 14, what is 199d6 - 571?
19465
In base 2, what is -101 + -1110011011000001001011010?
-1110011011000001001011111
In base 2, what is 110101101110110100 - 11001?
110101101110011011
In base 6, what is 205425241 - -1005?
205430250
In base 14, what is 56b38c - 23?
56b369
In base 7, what is 260 - 100166142?
-100165552
In base 15, what is -5 - -bbba70?
bbba6a
In base 2, what is 101000100111000101100 + -1001?
101000100111000100011
In base 4, what is 20013213 - 123?
20013030
In base 14, what is 2108 + aac5?
cbcd
In base 15, what is 197 + -13c32?
-13a8a
In base 16, what is 1325aa5 - -3?
1325aa8
In base 16, what is -17c - bbc8?
-bd44
In base 11, what is -5 + 5660090?
5660086
In base 11, what is -4a5aa6 - 15?
-4a6010
In base 7, what is -6666 - 4044?
-14043
In base 3, what is -2001012200210201 - -2000?
-2001012200201201
In base 10, what is 1 + 62580279?
62580280
In base 9, what is -61804 + 82?
-61712
In base 5, what is 4 - 413013302?
-413013243
In base 9, what is 2152 - -12160?
14322
In base 6, what is -13324312 - 45?
-13324401
In base 15, what is -d + c5aba?
c5aac
In base 10, what is -195951 + -152?
-196103
In base 5, what is -42 - -2324324034?
2324323442
In base 15, what is 48254 - -b9?
4831d
In base 7, what is -13122 + -36522?
-52644
In base 16, what is 1ac5485 + 0?
1ac5485
In base 6, what is 5052 + 2100042?
2105134
In base 4, what is -2113013313 + -221?
-2113020200
In base 12, what is -1a41438 - 8?
-1a41444
In base 13, what is -2172839 + 0?
-2172839
In base 3, what is 112100201202 + 21022?
112101000001
In base 12, what is 198a09 - 1a?
1989ab
In base 15, what is -491333 + -4?
-491337
In base 16, what is 3 - 6c9a2f5?
-6c9a2f2
In base 14, what is 2c6c9d - -6?
2c6ca5
In base 14, what is -2 - -1d60880?
1d6087c
In base 13, what is -84 + -186483?
-186537
In base 16, what is -287a - 1147?
-39c1
In base 16, what is ad9db - a?
ad9d1
In base 2, what is -10011111 + 101000011000?
100101111001
In base 8, what is 735 + -41567?
-4